f n(t)?
9
Let w be (-188)/(-846) + 16/54*153/12. Let s = 13 + -9. Suppose 3*x - 2*y = 545, -s*y + 3*y = -w*x + 720. What is the units digit of x?
9
Let y(l) = 41*l + 252. Let v be y(-6). Suppose 0 = v*b - 10*b - 2*w + 4064, b - 1006 = 2*w. What is the thousands digit of b?
1
Let r(t) = -25*t - 1. Let w be r(-1). Let z = w + -9. Suppose -17*q = -z*q - 218. What is the hundreds digit of q?
1
Suppose -g + 3*p = -1877, 0 = 4*g + 4*p - 596 - 6880. Let a = -765 + g. What is the units digit of a?
6
Let n(s) = -4*s**3 + 27*s**2 - 25*s + 38. Let i(v) = -3*v**3 + 26*v**2 - 25*v + 37. Let f(x) = 5*i(x) - 4*n(x). What is the units digit of f(-22)?
3
Let r(a) = -1349*a + 555. What is the hundreds digit of r(-6)?
6
Let z be (-6)/(-16) - (-3542)/368. Suppose -w - z*h = -7*h - 476, 2*w - 5*h - 941 = 0. What is the tens digit of w?
7
Suppose -2*v - 91109 = -3*r, -83139 = -5*r - v + 68718. What is the thousands digit of r?
0
Suppose -3*s = 4*j - 0*s - 1, 5*j = -3*s + 5. Suppose -z + 156 = 2*r, -8*z - j*r + 750 = -3*z. What is the hundreds digit of z?
1
Let v = -2 + 15. Suppose 17 - v = -4*r, 0 = -4*p + 3*r + 99. What is the units digit of p?
4
Let f(i) = 741*i**2 - 10*i - 2. Let g be f(-1). Suppose -4*x - 3*z = -2970, -x + z - 5*z = -g. What is the hundreds digit of x?
7
Suppose 4*r - 21302 = -3*w + 13263, -3*r = -2*w + 23066. What is the tens digit of w?
2
Let y = 4670 - -18619. What is the ten thousands digit of y?
2
Let g(o) = -7*o**2 + 10*o - 47. Let b be g(-9). Let t = 859 + b. What is the units digit of t?
5
Suppose -295 = 5*q - 2*z, -5*q + 2*z - 173 = -2*q. Let o = q + 405. What is the units digit of o?
4
Let w(n) = n**3 + 9*n**2 - n - 22. Let i be w(-9). Let z = 15 + i. Suppose 3*h = -3*g + 258, 6 = -2*h + z. What is the tens digit of g?
8
Let g(k) = -1550*k + 405. What is the tens digit of g(-2)?
0
Let b(i) = -i**2 - 37*i + 173. Let y be b(-28). Suppose -y*u = -431*u + 3072. What is the hundreds digit of u?
5
Let t be (-9 + 5)/(2 - 0). Let g be (-1 - 3)/(t/94). Let m = -109 + g. What is the tens digit of m?
7
Let x(n) = -n**2 - 6*n - 1. Let o be x(-5). Suppose -o*j + 0*j + 4 = 0. What is the units digit of j?
1
Let a(t) be the third derivative of 13*t**2 + 0 - 89/24*t**4 + 0*t + 1/2*t**3. What is the tens digit of a(-1)?
9
Let u be ((-315)/60)/((-3)/76). Let r = 136 - u. Suppose 81 = r*s - 219. What is the tens digit of s?
0
Let s(b) = 127*b**2 + b + 1. Let t(j) = -j**3 + 6*j**2 + 11*j - 81. Let o be t(5). What is the hundreds digit of s(o)?
1
What is the tens digit of 10842 + -4 + -20 + 1?
1
Let v(x) = x**3 - 35*x**2 - 27*x - 421. What is the units digit of v(38)?
5
Let p = -546 + 1202. Suppose -3*b - w - 4*w + p = 0, 474 = 2*b - 4*w. What is the units digit of b?
7
Suppose 251*m - 2860069 = 1369783. What is the tens digit of m?
5
Suppose 6*o - 143 + 119 = 0. Suppose -569 = -o*d + 2143. What is the tens digit of d?
7
Let c(a) = 8*a - 24. Let w be c(6). Let y be (-6 + (-5)/(-5))*w. Let m = -45 - y. What is the tens digit of m?
7
Let j(z) = -z**3 + 9*z**2 + 10*z + 4. Let y be j(10). Suppose -1489 = -y*u + 439. What is the tens digit of u?
8
What is the thousands digit of -27 + (-399)/(-19) + 14*1048?
4
Let g = 55 - 53. Let h(q) = 12 - 28 + q**g - 10*q + 12 + 9. What is the tens digit of h(-11)?
3
Let h(v) be the third derivative of -v**6/120 + 13*v**5/30 + 11*v**4/8 - 13*v**3/3 - 3*v**2. Let g be 706/26 + (-116)/754. What is the tens digit of h(g)?
3
Let l = -10310 - -19987. What is the hundreds digit of l?
6
Suppose 2*g = -5*g - 28. What is the units digit of ((-68)/1 - 10)/(g/6)?
7
Suppose 0 = 6*y + 789 - 19599. Suppose -20*f + y = -f. What is the tens digit of f?
6
Let t(p) = 5*p**3 - 5*p**2 - 4*p - 6. Let c be t(-4). Let q = c - -651. Suppose 2*m + 57 - q = 0. What is the hundreds digit of m?
1
Suppose 2 - 9 = w. Let x(s) = -s**2 - s**2 - 44 + 38 + 2*s**2 + 6*s + s**2. What is the units digit of x(w)?
1
Let o = -46 + 46. Suppose 2*v + 5*w - 36 = o, 0 = -v - 3*w + 5*w + 18. Let a(t) = -t**2 + 25*t - 13. What is the tens digit of a(v)?
1
Let z(m) = -m**2 - m - 1. Let p(k) = -k**3 + 6*k**2 - 5*k - 2. Let w(j) = p(j) + 6*z(j). What is the tens digit of w(-7)?
1
Let k = 84 + -81. Suppose -k*w + 700 = 2*w. Suppose -m = m - w. What is the units digit of m?
0
Let q = 19516 - 5428. What is the ten thousands digit of q?
1
Suppose -3724 = -u + 2*k, 2*u - 7478 = -k - k. What is the hundreds digit of u/10 - (-14)/(-35)?
3
Suppose 4*k - 10260 = -5*k. Let m = k + -602. What is the hundreds digit of m?
5
Suppose -37*y - 42416 = -67*y + 182674. What is the hundreds digit of y?
5
Let x(w) = w**2. Let y(t) = 7*t**2 - 6*t + 6. Let h(a) = 3*x(a) + y(a). Let p be h(2). Suppose 5*u = -p + 169. What is the units digit of u?
7
Let d(a) = 2*a**2 + 39*a + 179. Suppose -3*y - 9 = 0, -2*y + 22 = -4*q - 72. What is the tens digit of d(q)?
5
Let o(y) = -y**3 - 128*y**2 - 293*y + 365. What is the hundreds digit of o(-128)?
8
Let a = 15 - 14. Let k(i) = 130*i**3 - 2*i + 3. Let m be k(a). Suppose j - m + 45 = 0. What is the tens digit of j?
8
Let i(z) = 32*z**2 + 3*z - 13. Suppose k - 21 = 2*x - 0*k, 6 = -2*x - 2*k. What is the hundreds digit of i(x)?
0
Let h(x) = 26 - 82 + 20*x + 28 + 34. Let v be (-6)/(-3) - (-1 + 0). What is the units digit of h(v)?
6
Let x = -710 - -730. Let n(w) = 4*w**2 - 9*w - 85. What is the tens digit of n(x)?
3
Let x be ((72/7)/(-9))/((-4)/14). Suppose x*u - 14*u = -4760. What is the units digit of u?
6
Suppose -113944 = -76*t + 799044. What is the ten thousands digit of t?
1
Suppose 8*l = 3*l + 2*n - 3109, -n + 2 = 0. Let z = -336 - l. What is the units digit of z?
5
Let t be ((-176)/40 - -7) + (-4)/(-10). Suppose -9*d + t*d = -4200. What is the hundreds digit of d?
7
Suppose x = 5*q - 40353, -104*x = -4*q - 108*x + 32268. What is the units digit of q?
0
Let k(o) = 94*o + 2081. What is the tens digit of k(40)?
4
Let h be ((-5)/(45/3))/((-2)/450). Suppose -h = -4*o + 7*o. What is the tens digit of (-2 + 114 - 0) + (-26 - o)?
1
What is the thousands digit of (148/38 - 12/(-114))*2 - -37566?
7
Suppose 3*p = -6893 + 25616. What is the thousands digit of p?
6
Suppose 4*l + 5*y + 101 = 0, -3*l - 6*y = -y + 77. Let j be 16*(-4)/l*2670/8. Suppose -314 = 4*p - j. What is the hundreds digit of p?
1
Suppose -33920 = -4*p - 2*z, 7*p = 9*p + 2*z - 16966. What is the thousands digit of p?
8
Suppose 0 = 14*o - 4*o - 121300. What is the thousands digit of o?
2
Let w(a) = a**2 - 19. Suppose -5*d + 6*n = 2*n + 79, 5*d + n + 74 = 0. Let m be ((-6)/21)/(6/(-14))*d. What is the units digit of w(m)?
1
Suppose -114*l - l + 5255615 = 0. What is the units digit of l?
1
Let m = 271 - 275. What is the hundreds digit of ((-540)/630)/(m/4578)?
9
Suppose 0 = -j - h + 23346, -14*j + 11*j + 70040 = 2*h. What is the thousands digit of j?
3
Let j(k) = -6*k**2 - k - 1. Let m be j(-1). Let g(u) = -11*u - 1. Let n be g(m). Suppose -r = -n - 0. What is the units digit of r?
5
What is the thousands digit of 1 + -3 + 17451 + 12 + -10 + 2?
7
Let r = -29580 - -42039. What is the ten thousands digit of r?
1
Suppose 183791 = 90*f - 54349. What is the hundreds digit of f?
6
Let c be (14/42)/(1/6). Let g be 50/30 - -2*c/(-6). What is the units digit of (g - 18/2)*-2?
6
Let w be (-24)/30 - 234/(-5). Suppose w*k = -11273 + 60447. What is the hundreds digit of k?
0
Let h(f) = 13*f**2 - 163*f - 1901. What is the thousands digit of h(-12)?
1
Let k = -147 - -121. What is the tens digit of (34/2)/((-2)/k) + -1?
2
Let h = 117 + -112. Let k(d) = -d + 7. Let u be k(h). Suppose u*l = 124 - 18. What is the units digit of l?
3
Suppose -1724 = -2*v + 4*b, -4*v + 6*b + 3393 = 9*b. Suppose -123 = 3*l - v. Suppose -l = -2*h + 137. What is the hundreds digit of h?
1
Let o be 2 - ((-44)/(-6))/((-24)/36). What is the tens digit of (o - 17) + (596 - 0)?
9
Suppose -o + 67 + 98 = 0. Suppose -z - 8 = -7*s + 11*s, -3*z = 3*s - 3. Suppose -6*n = 4*t - n - o, 3*t - 85 = z*n. What is the units digit of t?
5
Suppose 2*k + 4*j = 11516, 8*j = 5*k + 7*j - 28834. What is the tens digit of k?
6
Let y be (10 + 64/(-12))/((-2)/735). Let w = y - -3041. What is the thousands digit of w?
1
Let r(k) be the first derivative of 3*k**2/2 + 9*k + 34. Let n be r(15). Suppose -2*t = -n - 118. What is the tens digit of t?
8
Let w = 4840 + -4